et z = 1144489 - 594836. Is z composite?
True
Let m(n) = -6*n + 0*n + n - 30 + 3. Let h be m(-5). Is (-422)/(-1)*h/(-4) a composite number?
False
Is (-4)/(8893200/(-555820) + 16) prime?
True
Let s(k) = k + 5. Let a be s(-1). Suppose a*x = 848 + 3084. Is x prime?
True
Suppose -s + 1 = -2*s + 2*o, 5*s + 2*o + 17 = 0. Let w be s + (-4)/14 + (-130)/35. Is (-3)/3*1423*(6 + w) composite?
False
Let k = -55672 + 115749. Is k a prime number?
True
Suppose 8*u - 4*a = 9*u - 5, 0 = -u + 2*a + 5. Suppose -h = -u*r + 17285, h = 3*h. Is r composite?
False
Let j(p) = -p**3 - 83*p**2 - 2*p - 69. Is j(-86) a prime number?
True
Let u(y) = y**2 + y - 5. Suppose 35 = x + 6*x. Suppose x*t + 44 = 14. Is u(t) a composite number?
True
Suppose 0 = -7*g + 10*g - 3, -4*g - 6 = -2*p. Suppose 245483 = -p*o + 12*o. Is o prime?
True
Let b(l) = 2*l**3 - 41*l**2 + 23*l - 68. Let q be b(20). Is 1*8/q*1*-6899 a composite number?
False
Let j(u) = 18 - 220*u - 176*u - 30*u - 323*u. Is j(-1) a prime number?
False
Let t(n) = -2*n**3 - 26*n**2 - 25*n - 8. Let y be t(-12). Suppose -y*o + 2*j = -17802, -4*j = -5*o + 25586 - 3341. Is o composite?
True
Suppose 3*l - 8 = -4*z, 4*l + 2 = -5*z + 11. Suppose 3*o - 534 = -f, 9*f - 5*f - z*o = 2051. Is f composite?
True
Suppose 4*u - 25 = 28*m - 33*m, 0 = -3*u + 4*m - 20. Let i(a) = -38*a + 19939. Is i(u) a composite number?
True
Let f = 183231 - 37054. Is f prime?
False
Let h = -527 + 1232. Suppose h = -6*a + a. Let t = 182 - a. Is t prime?
False
Suppose -4*o - 8 = -2*x - 0*o, 3*o = 5*x - 13. Is (1/x)/(3/31182) composite?
False
Suppose r = 3*o - 12, -15*r - 4*o = -10*r - 35. Suppose 40595 = r*a + 7922. Is a composite?
False
Suppose -5*z + 26425 = -2*c, -4*z - 3*c - 15846 = -7*z. Is z a prime number?
False
Suppose -34*r + 135 = -7*r. Let i be 5/((-146)/74 - -2). Suppose p - 285 = -x, 3*x + r*p - 1036 = -i. Is x composite?
True
Suppose 12*t - 11424 = -12*t. Is 0 + 3 + t/7 composite?
False
Suppose -168*j = -180*j + 240. Is (((-492730)/(-25))/7)/(8/j) prime?
True
Let s(x) = 2*x**2 - 23*x - 1. Let u be s(23). Let c = u + -211. Is c prime?
True
Let m(o) = -o**2 + 3*o + 18. Let c be m(6). Suppose -12 = n - 5*g, c = -n + 2*g - g. Suppose -104 = n*i - 641. Is i a prime number?
True
Suppose -l = i - 1177, 2*l + 3*i - 2*i = 2348. Is l a prime number?
True
Let c(y) = 377*y**3 + 7*y**2 - 19*y + 9. Let d(j) = 251*j**3 + 5*j**2 - 13*j + 6. Suppose -18*v + 14*v - 28 = 0. Let x(m) = v*d(m) + 5*c(m). Is x(1) composite?
False
Suppose 5*p - 8*w = -10*w + 8036, -3210 = -2*p - 3*w. Let i = p - -2921. Is i a prime number?
False
Let l = -323 + -405. Let r = 846 - l. Is r composite?
True
Let h(q) = 82*q**2 + 39*q - 18. Is h(31) prime?
False
Suppose 4354036 - 13926338 = -94*m. Is m composite?
False
Let m(g) = -287*g**3 + 7*g**2 - 90*g + 14. Is m(-13) a prime number?
False
Suppose -50*f + 24 = -47*f. Suppose -22*x + f*x = -33978. Is x a prime number?
False
Let o = 45 - 54. Let q be (-22)/99 + (-14672)/o. Suppose -4*w - w + q = 0. Is w composite?
True
Suppose -12762 - 17165 = -13*y + 6720. Is y a composite number?
False
Suppose 0 = 4*x - 136 + 80. Suppose -x*t = 2330 - 13488. Is t a composite number?
False
Let k(c) = -979*c + 7. Let f(y) = -980*y + 8. Let j(g) = 3*f(g) - 4*k(g). Let m be j(7). Suppose -m = 20*s - 24*s. Is s a prime number?
False
Suppose v - 291 = 4*k, 0 = -3*k - 2*v + 7*v - 197. Let r = -78 - k. Let a(x) = -20*x**3 + 8*x**2 + 2*x - 1. Is a(r) composite?
False
Let u = 178 - 176. Suppose 5*y - 4073 = -2*n, -y + u*n + 552 + 265 = 0. Is y a composite number?
True
Let z(c) = -4*c**3 + 19*c**2 - 60*c - 373. Is z(-15) prime?
False
Suppose 6940433 - 34439370 = -77*u + 11251852. Is u prime?
False
Let l(a) = a**3 + 9*a**2 - 4*a - 17. Let q be l(-8). Suppose w - 492 + 1967 = 5*p, 5*w = -5*p + 1475. Suppose 3*j - 210 = -2*o + q, p = 2*o + j. Is o composite?
False
Let n(a) = 325007*a - 317. Is n(2) prime?
True
Let q = 132653 + -89056. Is q prime?
True
Let h = 447880 - 203351. Is h composite?
False
Let x(o) = 115*o + 19. Let a(f) = f - 22. Let d be a(16). Let b be d/(-6)*1/2*12. Is x(b) a composite number?
False
Suppose -6 = -2*z, -v = -2*z + 5 - 11. Suppose -3*g - 3 = -v. Suppose 3*p = -4*r + 2789, -3*p = -2*r - g*r + 3520. Is r prime?
True
Is -422*(3 + (0 - 7) + (-1179)/6) a composite number?
True
Is -14871*10/((-330)/319) prime?
False
Let o(m) be the second derivative of -m**5/20 + 17*m**4/12 + 43*m**3/6 - 12*m**2 - 89*m. Is o(19) composite?
False
Let p = -785 - -788. Suppose -s + 4595 = -p*z, -s + z = -5*s + 18328. Is s prime?
True
Suppose 0 = -4*t + 24, 0 = -5*j - 59*t + 57*t + 490867. Is j prime?
False
Suppose 8*d - 141530 = -38338. Is d a prime number?
True
Let z(m) = -867*m - 85*m + 502*m - 25 - 1222*m. Is z(-6) composite?
False
Suppose 9*l = 8*l - 4, 2*j = -5*l + 69902. Is j composite?
False
Let k(f) = 65818*f**2 - 1153*f + 8. Is k(-5) prime?
False
Let u(d) = 3363*d**2 - 101*d - 75. Is u(-9) a composite number?
True
Suppose -3*n + 5*n - 36 = 5*z, -n + 3 = 5*z. Suppose 17*s = n*s - 8. Is 31/155 - (43056/10)/s a composite number?
False
Let p = 209 - 94. Suppose -40 = 111*h - p*h. Suppose -3*s + 103 = h. Is s composite?
False
Let m(k) = 3*k + 44. Let c be m(-20). Let l be -5 - (c/(-2 + -2) - 3). Is (-6 - l - -1*1)*3305 a composite number?
True
Is (7032165/(-42) - -8)*(-2 + (-1 - -1)) composite?
True
Suppose -2*k = k - g + 5288, -4*k - 7056 = -4*g. Let x = -551 - k. Is x a composite number?
True
Let z(w) = 6878*w - 41. Let c be z(18). Suppose 0 = -32*f + 55*f - c. Is f a prime number?
True
Suppose 46940 = -19*z + 11334. Let g = z + 3891. Is g prime?
True
Suppose -7 = -3*k + 2. Suppose 0 = -k*t + 3*n + 9, -2*t = -4*t - n + 6. Suppose -3*s - 1602 = -3*b + 300, t*s + 9 = 0. Is b composite?
False
Let y(u) be the second derivative of 277*u**4/12 + 7*u**3/6 + 7*u**2/2 + u - 2. Is y(3) a composite number?
False
Suppose 0 = 7*y + y - 3584. Let k = 1454 - y. Is k a prime number?
False
Let r = 37 + -30. Let v(t) = 3*t**3 - 11*t**2 + 7*t - 16. Let d be v(r). Suppose d - 78 = j. Is j a composite number?
True
Let h be (21 + 217)*(261/(-6) + -1). Let l = h - -21018. Is l a composite number?
False
Is 0 - (2*114827/3)/((-5)/15) prime?
False
Let s(q) = 682*q - 1999. Is s(5) a composite number?
True
Is (2/7)/((-51)/(-714)) - -40597 a prime number?
False
Let q(y) = 5*y**2 - 3*y - 9. Suppose 21*m - 19*m = 10. Let f be (2 - m) + 14/2. Is q(f) a prime number?
True
Let h be (3 - -33) + 5/((-5)/(-4)). Suppose -4*x - 4*s = -h, 2*s = 5*x - x - 10. Suppose -2*m + 4*v + 298 = 0, 5*v - 3*v - 685 = -x*m. Is m prime?
True
Let f be (1 + -8879)*(1989/(-26))/17. Suppose -f = -4*t - 5*z, -29855 + 9878 = -2*t - z. Is t a prime number?
False
Let j(h) be the second derivative of 377*h**3/3 - 189*h**2/2 - 21*h - 3. Is j(14) composite?
True
Let y = -54 - -54. Let o be 5/(10 - 11 - (y - 2)). Suppose -o*b + 6689 = u, 0*b - u = 2*b - 2678. Is b a prime number?
False
Suppose -44*b + 40*b + 508457 = k, b - 9 = 0. Is k composite?
True
Let u(c) = 15*c**2 - 18*c - 11. Let t be 258/(-18) - (-5)/(-3). Is u(t) composite?
True
Let x(r) = -24*r**3 - 15*r**2 - 44*r + 3. Let w be x(-4). Let t = 1196 - 1706. Let y = w + t. Is y a prime number?
False
Let l be (-4 - -1)*1*-2. Let p(d) be the second derivative of d**5/10 - d**4/6 - 3*d**3/2 - 13*d**2/2 + 38*d. Is p(l) a prime number?
True
Let n(s) = -12078*s - 23. Is n(-6) prime?
False
Is (-1143303)/(-8) - 104/(-832) composite?
True
Suppose 19*j + 11*j = 12*j + 10256562. Is j a composite number?
False
Let l = 868853 + -465150. Is l composite?
False
Suppose 2*x + 26 = 34. Suppose x*s - 767 - 3825 = 0. Is s + 0 + (-2 - -1) composite?
True
Let w be ((-16)/20)/((-4)/10). Suppose -336 - 7496 = -89*g. Suppose 0 = -w*r + 46 + g. Is r a prime number?
True
Suppose 0 = -6*y + 12, -4*c + 1062905 = -4*y - 131379. Is c a composite number?
True
Let o(f) = 99*f**3 + 16*f**2 - 95*f + 11. Is o(7) prime?
False
Let w be 4 + (-9 + -2 - -2) - -8. Suppose 0 = 5*c + 2*k + k - 3836, -w*c + 5*k = -2322. Is c prime?
True
Let c(o) = -o**3 + 23*o**2 + 24*o - 11. Let v = -49 - -54. Suppose 97 = 4*n + v*q, 0*n - 3*q - 43 = -2*n. Is c(n) prime?
True
Let y = 234546 - 82639. Is y a prime number?
False
Let f(v) = -164*v + 2045. Is f(-55) a prime number?
False
Let f = -7824 + 14563. Is f prime?
Fals